{"id":55,"date":"2022-10-28T19:38:01","date_gmt":"2022-10-28T22:38:01","guid":{"rendered":"http:\/\/eolsantafe.com.ar\/eol\/?page_id=55"},"modified":"2025-04-09T11:39:48","modified_gmt":"2025-04-09T14:39:48","slug":"libreria","status":"publish","type":"page","link":"http:\/\/eolsantafe.com.ar\/eol\/libreria\/","title":{"rendered":"Librer\u00eda"},"content":{"rendered":"\n<p class=\"has-text-color has-link-color wp-elements-f9a62b8ad990a1ee476c988f698d1029\" style=\"color:#000000;font-size:22px\">La Librer\u00eda de la Secci\u00f3n EOL Santa Fe es un espacio creado para brindar acceso a las publicaciones del Psicoan\u00e1lisis de la Orientaci\u00f3n Lacaniana.&nbsp;&nbsp;<\/p>\n\n\n\n<p class=\"has-text-color has-link-color wp-elements-4c5eaf903a0de203c902775eb4f4835c\" style=\"color:#000000;font-size:22px\">Contamos con material variado y actualizado de las diferentes Secciones de la Escuela de Orientaci\u00f3n Lacaniana (EOL) y de las Escuelas reunidas por la Asociaci\u00f3n Mundial de Psicoan\u00e1lisis (AMP), as\u00ed como tambi\u00e9n de los Institutos del Campo Freudiano.&nbsp;&nbsp;<\/p>\n\n\n\n<p class=\"has-text-color has-link-color wp-elements-7ea0cbe628319614ac86cbc2777b28a3\" style=\"color:#000000;font-size:22px\">La librer\u00eda est\u00e1 abierta a todos aquellos que est\u00e9n interesados en el psicoan\u00e1lisis de orientaci\u00f3n lacaniana concurran o no a las actividades de la Escuela.&nbsp;&nbsp;<\/p>\n\n\n\n<p class=\"has-text-color has-link-color wp-elements-1ec7231e558cf1d875090cad98d1b0fa\" style=\"color:#000000;font-size:22px\">Acerc\u00e1ndose a nuestra sede o a trav\u00e9s del <strong>Cat\u00e1logo,<\/strong> que encontrar\u00e1n aqu\u00ed, podr\u00e1n consultar todas las publicaciones y \u00faltimas novedades.&nbsp;&nbsp;<\/p>\n\n\n\n<p class=\"has-text-color has-link-color wp-elements-d00c8e281ca88d48f7742b2a356c05cf\" style=\"color:#000000;font-size:22px\">Adem\u00e1s, por nuestras redes sociales se ofrecer\u00e1 el material en stock articulados a los temas que nos convoca el trabajo de escuela cada vez.&nbsp;&nbsp;&nbsp;<\/p>\n\n\n\n<p class=\"has-text-color has-link-color wp-elements-cf6b876d730fdcc5b7ebbbbec8516b34\" style=\"color:#000000;font-size:22px\">Esperamos sus consultas!&nbsp;<\/p>\n\n\n\n<figure class=\"wp-block-image size-large\"><img loading=\"lazy\" decoding=\"async\" width=\"1024\" height=\"1024\" src=\"http:\/\/eolsantafe.com.ar\/eol\/wp-content\/uploads\/2023\/06\/libreria-1024x1024.jpg\" alt=\"\" class=\"wp-image-605\" srcset=\"http:\/\/eolsantafe.com.ar\/eol\/wp-content\/uploads\/2023\/06\/libreria-1024x1024.jpg 1024w, http:\/\/eolsantafe.com.ar\/eol\/wp-content\/uploads\/2023\/06\/libreria-300x300.jpg 300w, http:\/\/eolsantafe.com.ar\/eol\/wp-content\/uploads\/2023\/06\/libreria-150x150.jpg 150w, http:\/\/eolsantafe.com.ar\/eol\/wp-content\/uploads\/2023\/06\/libreria-768x768.jpg 768w, http:\/\/eolsantafe.com.ar\/eol\/wp-content\/uploads\/2023\/06\/libreria.jpg 1080w\" sizes=\"auto, (max-width: 1024px) 100vw, 1024px\" \/><\/figure>\n\n\n\n<p>Los esperamos! <\/p>\n\n\n\n<h2 class=\"wp-block-heading\">Librer\u00eda<\/h2>\n\n\n<ul class=\"wp-block-latest-posts__list has-dates wp-block-latest-posts has-larger-font-size\"><li><div class=\"wp-block-latest-posts__featured-image\"><a href=\"http:\/\/eolsantafe.com.ar\/eol\/2024\/05\/10\/novedades-libreria\/\" aria-label=\"Novedades Librer\u00eda\"><img loading=\"lazy\" decoding=\"async\" width=\"150\" height=\"150\" src=\"http:\/\/eolsantafe.com.ar\/eol\/wp-content\/uploads\/2024\/05\/novedades-150x150.jpg\" class=\"attachment-thumbnail size-thumbnail wp-post-image\" alt=\"\" style=\"max-width:113px;max-height:113px;\" srcset=\"http:\/\/eolsantafe.com.ar\/eol\/wp-content\/uploads\/2024\/05\/novedades-150x150.jpg 150w, http:\/\/eolsantafe.com.ar\/eol\/wp-content\/uploads\/2024\/05\/novedades-300x300.jpg 300w, http:\/\/eolsantafe.com.ar\/eol\/wp-content\/uploads\/2024\/05\/novedades-1024x1024.jpg 1024w, http:\/\/eolsantafe.com.ar\/eol\/wp-content\/uploads\/2024\/05\/novedades-768x768.jpg 768w, http:\/\/eolsantafe.com.ar\/eol\/wp-content\/uploads\/2024\/05\/novedades.jpg 1080w\" sizes=\"auto, (max-width: 150px) 100vw, 150px\" \/><\/a><\/div><a class=\"wp-block-latest-posts__post-title\" href=\"http:\/\/eolsantafe.com.ar\/eol\/2024\/05\/10\/novedades-libreria\/\">Novedades Librer\u00eda<\/a><time datetime=\"2024-05-10T09:33:59-03:00\" class=\"wp-block-latest-posts__post-date\">10 mayo, 2024<\/time><div class=\"wp-block-latest-posts__post-excerpt\"><\/div><\/li>\n<li><div class=\"wp-block-latest-posts__featured-image\"><a href=\"http:\/\/eolsantafe.com.ar\/eol\/2023\/06\/10\/novedades\/\" aria-label=\"Novedades\"><img loading=\"lazy\" decoding=\"async\" width=\"150\" height=\"150\" src=\"http:\/\/eolsantafe.com.ar\/eol\/wp-content\/uploads\/2023\/06\/WhatsApp-Image-2023-06-09-at-10.58.19-1-150x150.jpeg\" class=\"attachment-thumbnail size-thumbnail wp-post-image\" alt=\"\" style=\"max-width:113px;max-height:113px;\" srcset=\"http:\/\/eolsantafe.com.ar\/eol\/wp-content\/uploads\/2023\/06\/WhatsApp-Image-2023-06-09-at-10.58.19-1-150x150.jpeg 150w, http:\/\/eolsantafe.com.ar\/eol\/wp-content\/uploads\/2023\/06\/WhatsApp-Image-2023-06-09-at-10.58.19-1-300x300.jpeg 300w, http:\/\/eolsantafe.com.ar\/eol\/wp-content\/uploads\/2023\/06\/WhatsApp-Image-2023-06-09-at-10.58.19-1-1024x1024.jpeg 1024w, http:\/\/eolsantafe.com.ar\/eol\/wp-content\/uploads\/2023\/06\/WhatsApp-Image-2023-06-09-at-10.58.19-1-768x768.jpeg 768w, http:\/\/eolsantafe.com.ar\/eol\/wp-content\/uploads\/2023\/06\/WhatsApp-Image-2023-06-09-at-10.58.19-1.jpeg 1080w\" sizes=\"auto, (max-width: 150px) 100vw, 150px\" \/><\/a><\/div><a class=\"wp-block-latest-posts__post-title\" href=\"http:\/\/eolsantafe.com.ar\/eol\/2023\/06\/10\/novedades\/\">Novedades<\/a><time datetime=\"2023-06-10T21:41:07-03:00\" class=\"wp-block-latest-posts__post-date\">10 junio, 2023<\/time><div class=\"wp-block-latest-posts__post-excerpt\"><\/div><\/li>\n<\/ul>\n\n\n<p><\/p>\n","protected":false},"excerpt":{"rendered":"<p>La Librer\u00eda de la Secci\u00f3n EOL Santa Fe es un espacio creado para brindar acceso a las publicaciones del Psicoan\u00e1lisis de la Orientaci\u00f3n Lacaniana.&nbsp;&nbsp; Contamos&hellip;<\/p>\n","protected":false},"author":1,"featured_media":0,"parent":0,"menu_order":0,"comment_status":"closed","ping_status":"closed","template":"","meta":{"footnotes":""},"class_list":["post-55","page","type-page","status-publish","hentry"],"_links":{"self":[{"href":"http:\/\/eolsantafe.com.ar\/eol\/wp-json\/wp\/v2\/pages\/55","targetHints":{"allow":["GET"]}}],"collection":[{"href":"http:\/\/eolsantafe.com.ar\/eol\/wp-json\/wp\/v2\/pages"}],"about":[{"href":"http:\/\/eolsantafe.com.ar\/eol\/wp-json\/wp\/v2\/types\/page"}],"author":[{"embeddable":true,"href":"http:\/\/eolsantafe.com.ar\/eol\/wp-json\/wp\/v2\/users\/1"}],"replies":[{"embeddable":true,"href":"http:\/\/eolsantafe.com.ar\/eol\/wp-json\/wp\/v2\/comments?post=55"}],"version-history":[{"count":11,"href":"http:\/\/eolsantafe.com.ar\/eol\/wp-json\/wp\/v2\/pages\/55\/revisions"}],"predecessor-version":[{"id":1595,"href":"http:\/\/eolsantafe.com.ar\/eol\/wp-json\/wp\/v2\/pages\/55\/revisions\/1595"}],"wp:attachment":[{"href":"http:\/\/eolsantafe.com.ar\/eol\/wp-json\/wp\/v2\/media?parent=55"}],"curies":[{"name":"wp","href":"https:\/\/api.w.org\/{rel}","templated":true}]}}

Librería

<p class="has-text-color has-link-color wp-elements-f9a62b8ad990a1ee476c988f698d1029" style="color:#000000;font-size:22px">La Librería de la Sección EOL Santa Fe es un espacio creado para brindar acceso a las publicaciones del Psicoanálisis de la Orientación Lacaniana.&nbsp;&nbsp;</p>



<p class="has-text-color has-link-color wp-elements-4c5eaf903a0de203c902775eb4f4835c" style="color:#000000;font-size:22px">Contamos con material variado y actualizado de las diferentes Secciones de la Escuela de Orientación Lacaniana (EOL) y de las Escuelas reunidas por la Asociación Mundial de Psicoanálisis (AMP), así como también de los Institutos del Campo Freudiano.&nbsp;&nbsp;</p>



<p class="has-text-color has-link-color wp-elements-7ea0cbe628319614ac86cbc2777b28a3" style="color:#000000;font-size:22px">La librería está abierta a todos aquellos que estén interesados en el psicoanálisis de orientación lacaniana concurran o no a las actividades de la Escuela.&nbsp;&nbsp;</p>



<p class="has-text-color has-link-color wp-elements-1ec7231e558cf1d875090cad98d1b0fa" style="color:#000000;font-size:22px">Acercándose a nuestra sede o a través del <strong>Catálogo,</strong> que encontrarán aquí, podrán consultar todas las publicaciones y últimas novedades.&nbsp;&nbsp;</p>



<p class="has-text-color has-link-color wp-elements-d00c8e281ca88d48f7742b2a356c05cf" style="color:#000000;font-size:22px">Además, por nuestras redes sociales se ofrecerá el material en stock articulados a los temas que nos convoca el trabajo de escuela cada vez.&nbsp;&nbsp;&nbsp;</p>



<p class="has-text-color has-link-color wp-elements-cf6b876d730fdcc5b7ebbbbec8516b34" style="color:#000000;font-size:22px">Esperamos sus consultas!&nbsp;</p>



<figure class="wp-block-image size-large"><img loading="lazy" decoding="async" width="1024" height="1024" src="http://eolsantafe.com.ar/eol/wp-content/uploads/2023/06/libreria-1024x1024.jpg" alt="" class="wp-image-605" srcset="http://eolsantafe.com.ar/eol/wp-content/uploads/2023/06/libreria-1024x1024.jpg 1024w, http://eolsantafe.com.ar/eol/wp-content/uploads/2023/06/libreria-300x300.jpg 300w, http://eolsantafe.com.ar/eol/wp-content/uploads/2023/06/libreria-150x150.jpg 150w, http://eolsantafe.com.ar/eol/wp-content/uploads/2023/06/libreria-768x768.jpg 768w, http://eolsantafe.com.ar/eol/wp-content/uploads/2023/06/libreria.jpg 1080w" sizes="auto, (max-width: 1024px) 100vw, 1024px" /></figure>



<p>Los esperamos! </p>



<h2 class="wp-block-heading">Librería</h2>


<ul class="wp-block-latest-posts__list has-dates wp-block-latest-posts has-larger-font-size"><li><div class="wp-block-latest-posts__featured-image"><a href="http://eolsantafe.com.ar/eol/2024/05/10/novedades-libreria/" aria-label="Novedades Librería"><img loading="lazy" decoding="async" width="150" height="150" src="http://eolsantafe.com.ar/eol/wp-content/uploads/2024/05/novedades-150x150.jpg" class="attachment-thumbnail size-thumbnail wp-post-image" alt="" style="max-width:113px;max-height:113px;" srcset="http://eolsantafe.com.ar/eol/wp-content/uploads/2024/05/novedades-150x150.jpg 150w, http://eolsantafe.com.ar/eol/wp-content/uploads/2024/05/novedades-300x300.jpg 300w, http://eolsantafe.com.ar/eol/wp-content/uploads/2024/05/novedades-1024x1024.jpg 1024w, http://eolsantafe.com.ar/eol/wp-content/uploads/2024/05/novedades-768x768.jpg 768w, http://eolsantafe.com.ar/eol/wp-content/uploads/2024/05/novedades.jpg 1080w" sizes="auto, (max-width: 150px) 100vw, 150px" /></a></div><a class="wp-block-latest-posts__post-title" href="http://eolsantafe.com.ar/eol/2024/05/10/novedades-libreria/">Novedades Librería</a><time datetime="2024-05-10T09:33:59-03:00" class="wp-block-latest-posts__post-date">10 mayo, 2024</time><div class="wp-block-latest-posts__post-excerpt"></div></li>
<li><div class="wp-block-latest-posts__featured-image"><a href="http://eolsantafe.com.ar/eol/2023/06/10/novedades/" aria-label="Novedades"><img loading="lazy" decoding="async" width="150" height="150" src="http://eolsantafe.com.ar/eol/wp-content/uploads/2023/06/WhatsApp-Image-2023-06-09-at-10.58.19-1-150x150.jpeg" class="attachment-thumbnail size-thumbnail wp-post-image" alt="" style="max-width:113px;max-height:113px;" srcset="http://eolsantafe.com.ar/eol/wp-content/uploads/2023/06/WhatsApp-Image-2023-06-09-at-10.58.19-1-150x150.jpeg 150w, http://eolsantafe.com.ar/eol/wp-content/uploads/2023/06/WhatsApp-Image-2023-06-09-at-10.58.19-1-300x300.jpeg 300w, http://eolsantafe.com.ar/eol/wp-content/uploads/2023/06/WhatsApp-Image-2023-06-09-at-10.58.19-1-1024x1024.jpeg 1024w, http://eolsantafe.com.ar/eol/wp-content/uploads/2023/06/WhatsApp-Image-2023-06-09-at-10.58.19-1-768x768.jpeg 768w, http://eolsantafe.com.ar/eol/wp-content/uploads/2023/06/WhatsApp-Image-2023-06-09-at-10.58.19-1.jpeg 1080w" sizes="auto, (max-width: 150px) 100vw, 150px" /></a></div><a class="wp-block-latest-posts__post-title" href="http://eolsantafe.com.ar/eol/2023/06/10/novedades/">Novedades</a><time datetime="2023-06-10T21:41:07-03:00" class="wp-block-latest-posts__post-date">10 junio, 2023</time><div class="wp-block-latest-posts__post-excerpt"></div></li>
</ul>


<p></p>

<p>La Librería de la Sección EOL Santa Fe es un espacio creado para brindar acceso a las publicaciones del Psicoanálisis de la Orientación Lacaniana.&nbsp;&nbsp; Contamos&hellip;</p>
