{"id":210,"date":"2022-11-16T17:41:38","date_gmt":"2022-11-16T20:41:38","guid":{"rendered":"http:\/\/eolsantafe.com.ar\/eol\/?page_id=210"},"modified":"2023-06-25T12:40:34","modified_gmt":"2023-06-25T15:40:34","slug":"eventos","status":"publish","type":"page","link":"http:\/\/eolsantafe.com.ar\/eol\/eventos\/","title":{"rendered":"Noches de Escuela"},"content":{"rendered":"\n<h2 class=\"wp-block-heading has-black-color has-text-color has-huge-font-size\">Noches de Escuela <\/h2>\n\n\n<ul class=\"wp-block-latest-posts__list has-dates wp-block-latest-posts\"><li><div class=\"wp-block-latest-posts__featured-image\"><a href=\"http:\/\/eolsantafe.com.ar\/eol\/2023\/07\/06\/el-nacimiento-del-campo-freudiano-jam\/\" aria-label=\"El nacimiento del campo Freudiano JAM\"><img loading=\"lazy\" decoding=\"async\" width=\"150\" height=\"150\" src=\"http:\/\/eolsantafe.com.ar\/eol\/wp-content\/uploads\/2023\/07\/Captura-de-pantalla-2023-07-06-212722-150x150.png\" class=\"attachment-thumbnail size-thumbnail wp-post-image\" alt=\"\" style=\"max-width:113px;max-height:113px;\" \/><\/a><\/div><a class=\"wp-block-latest-posts__post-title\" href=\"http:\/\/eolsantafe.com.ar\/eol\/2023\/07\/06\/el-nacimiento-del-campo-freudiano-jam\/\">El nacimiento del campo Freudiano JAM<\/a><time datetime=\"2023-07-06T21:30:25-03:00\" class=\"wp-block-latest-posts__post-date\">6 julio, 2023<\/time><div class=\"wp-block-latest-posts__post-excerpt\"><\/div><\/li>\n<li><div class=\"wp-block-latest-posts__featured-image\"><a href=\"http:\/\/eolsantafe.com.ar\/eol\/2023\/07\/06\/presentacion-de-como-terminan-los-analisis-de-j-a-miller\/\" aria-label=\"Presentaci\u00f3n de C\u00f3mo terminan los an\u00e1lisis, de J.-A. Miller\"><img loading=\"lazy\" decoding=\"async\" width=\"150\" height=\"150\" src=\"http:\/\/eolsantafe.com.ar\/eol\/wp-content\/uploads\/2023\/07\/Captura-de-pantalla-2023-07-06-212409-150x150.png\" class=\"attachment-thumbnail size-thumbnail wp-post-image\" alt=\"\" style=\"max-width:113px;max-height:113px;\" \/><\/a><\/div><a class=\"wp-block-latest-posts__post-title\" href=\"http:\/\/eolsantafe.com.ar\/eol\/2023\/07\/06\/presentacion-de-como-terminan-los-analisis-de-j-a-miller\/\">Presentaci\u00f3n de C\u00f3mo terminan los an\u00e1lisis, de J.-A. Miller<\/a><time datetime=\"2023-07-06T21:24:53-03:00\" class=\"wp-block-latest-posts__post-date\">6 julio, 2023<\/time><div class=\"wp-block-latest-posts__post-excerpt\">Queridos colegas: con entusiasmo anunciamos que ya est\u00e1 disponible la Conversaci\u00f3n de Jacques-Alain Miller con nueve j\u00f3venes colegas, acerca del libro\u00a0&#8220;C\u00f3mo terminan los an\u00e1lisis. Paradojas&hellip;<\/div><\/li>\n<li><div class=\"wp-block-latest-posts__featured-image\"><a href=\"http:\/\/eolsantafe.com.ar\/eol\/2023\/07\/04\/noches-de-escuela\/\" aria-label=\"Noches de Escuela\"><img loading=\"lazy\" decoding=\"async\" width=\"150\" height=\"150\" src=\"http:\/\/eolsantafe.com.ar\/eol\/wp-content\/uploads\/2023\/07\/POLITICA-JUVENTUD-150x150.jpg\" class=\"attachment-thumbnail size-thumbnail wp-post-image\" alt=\"\" style=\"max-width:113px;max-height:113px;\" \/><\/a><\/div><a class=\"wp-block-latest-posts__post-title\" href=\"http:\/\/eolsantafe.com.ar\/eol\/2023\/07\/04\/noches-de-escuela\/\">Noches de Escuela<\/a><time datetime=\"2023-07-04T10:59:13-03:00\" class=\"wp-block-latest-posts__post-date\">4 julio, 2023<\/time><div class=\"wp-block-latest-posts__post-excerpt\"><\/div><\/li>\n<li><div class=\"wp-block-latest-posts__featured-image\"><a href=\"http:\/\/eolsantafe.com.ar\/eol\/2023\/06\/25\/noche-de-escuela-el-deseo-de-escuela-y-la-politica-de-juventud\/\" aria-label=\"Noche de Escuela: El deseo de Escuela y la pol\u00edtica de juventud\"><img loading=\"lazy\" decoding=\"async\" width=\"150\" height=\"150\" src=\"http:\/\/eolsantafe.com.ar\/eol\/wp-content\/uploads\/2023\/06\/deseo-de-escuela-1-150x150.jpg\" class=\"attachment-thumbnail size-thumbnail wp-post-image\" alt=\"\" style=\"max-width:113px;max-height:113px;\" srcset=\"http:\/\/eolsantafe.com.ar\/eol\/wp-content\/uploads\/2023\/06\/deseo-de-escuela-1-150x150.jpg 150w, http:\/\/eolsantafe.com.ar\/eol\/wp-content\/uploads\/2023\/06\/deseo-de-escuela-1-300x300.jpg 300w, http:\/\/eolsantafe.com.ar\/eol\/wp-content\/uploads\/2023\/06\/deseo-de-escuela-1-1024x1024.jpg 1024w, http:\/\/eolsantafe.com.ar\/eol\/wp-content\/uploads\/2023\/06\/deseo-de-escuela-1-768x768.jpg 768w, http:\/\/eolsantafe.com.ar\/eol\/wp-content\/uploads\/2023\/06\/deseo-de-escuela-1.jpg 1080w\" sizes=\"auto, (max-width: 150px) 100vw, 150px\" \/><\/a><\/div><a class=\"wp-block-latest-posts__post-title\" href=\"http:\/\/eolsantafe.com.ar\/eol\/2023\/06\/25\/noche-de-escuela-el-deseo-de-escuela-y-la-politica-de-juventud\/\">Noche de Escuela: El deseo de Escuela y la pol\u00edtica de juventud<\/a><time datetime=\"2023-06-25T12:36:55-03:00\" class=\"wp-block-latest-posts__post-date\">25 junio, 2023<\/time><div class=\"wp-block-latest-posts__post-excerpt\"><\/div><\/li>\n<\/ul>","protected":false},"excerpt":{"rendered":"<p>Noches de Escuela<\/p>\n","protected":false},"author":1,"featured_media":0,"parent":0,"menu_order":0,"comment_status":"closed","ping_status":"closed","template":"","meta":{"footnotes":""},"class_list":["post-210","page","type-page","status-publish","hentry"],"_links":{"self":[{"href":"http:\/\/eolsantafe.com.ar\/eol\/wp-json\/wp\/v2\/pages\/210","targetHints":{"allow":["GET"]}}],"collection":[{"href":"http:\/\/eolsantafe.com.ar\/eol\/wp-json\/wp\/v2\/pages"}],"about":[{"href":"http:\/\/eolsantafe.com.ar\/eol\/wp-json\/wp\/v2\/types\/page"}],"author":[{"embeddable":true,"href":"http:\/\/eolsantafe.com.ar\/eol\/wp-json\/wp\/v2\/users\/1"}],"replies":[{"embeddable":true,"href":"http:\/\/eolsantafe.com.ar\/eol\/wp-json\/wp\/v2\/comments?post=210"}],"version-history":[{"count":10,"href":"http:\/\/eolsantafe.com.ar\/eol\/wp-json\/wp\/v2\/pages\/210\/revisions"}],"predecessor-version":[{"id":796,"href":"http:\/\/eolsantafe.com.ar\/eol\/wp-json\/wp\/v2\/pages\/210\/revisions\/796"}],"wp:attachment":[{"href":"http:\/\/eolsantafe.com.ar\/eol\/wp-json\/wp\/v2\/media?parent=210"}],"curies":[{"name":"wp","href":"https:\/\/api.w.org\/{rel}","templated":true}]}}

<h2 class="wp-block-heading has-black-color has-text-color has-huge-font-size">Noches de Escuela </h2>


<ul class="wp-block-latest-posts__list has-dates wp-block-latest-posts"><li><div class="wp-block-latest-posts__featured-image"><a href="http://eolsantafe.com.ar/eol/2023/07/06/el-nacimiento-del-campo-freudiano-jam/" aria-label="El nacimiento del campo Freudiano JAM"><img loading="lazy" decoding="async" width="150" height="150" src="http://eolsantafe.com.ar/eol/wp-content/uploads/2023/07/Captura-de-pantalla-2023-07-06-212722-150x150.png" class="attachment-thumbnail size-thumbnail wp-post-image" alt="" style="max-width:113px;max-height:113px;" /></a></div><a class="wp-block-latest-posts__post-title" href="http://eolsantafe.com.ar/eol/2023/07/06/el-nacimiento-del-campo-freudiano-jam/">El nacimiento del campo Freudiano JAM</a><time datetime="2023-07-06T21:30:25-03:00" class="wp-block-latest-posts__post-date">6 julio, 2023</time><div class="wp-block-latest-posts__post-excerpt"></div></li>
<li><div class="wp-block-latest-posts__featured-image"><a href="http://eolsantafe.com.ar/eol/2023/07/06/presentacion-de-como-terminan-los-analisis-de-j-a-miller/" aria-label="Presentación de Cómo terminan los análisis, de J.-A. Miller"><img loading="lazy" decoding="async" width="150" height="150" src="http://eolsantafe.com.ar/eol/wp-content/uploads/2023/07/Captura-de-pantalla-2023-07-06-212409-150x150.png" class="attachment-thumbnail size-thumbnail wp-post-image" alt="" style="max-width:113px;max-height:113px;" /></a></div><a class="wp-block-latest-posts__post-title" href="http://eolsantafe.com.ar/eol/2023/07/06/presentacion-de-como-terminan-los-analisis-de-j-a-miller/">Presentación de Cómo terminan los análisis, de J.-A. Miller</a><time datetime="2023-07-06T21:24:53-03:00" class="wp-block-latest-posts__post-date">6 julio, 2023</time><div class="wp-block-latest-posts__post-excerpt">Queridos colegas: con entusiasmo anunciamos que ya está disponible la Conversación de Jacques-Alain Miller con nueve jóvenes colegas, acerca del libro &#8220;Cómo terminan los análisis. Paradojas&hellip;</div></li>
<li><div class="wp-block-latest-posts__featured-image"><a href="http://eolsantafe.com.ar/eol/2023/07/04/noches-de-escuela/" aria-label="Noches de Escuela"><img loading="lazy" decoding="async" width="150" height="150" src="http://eolsantafe.com.ar/eol/wp-content/uploads/2023/07/POLITICA-JUVENTUD-150x150.jpg" class="attachment-thumbnail size-thumbnail wp-post-image" alt="" style="max-width:113px;max-height:113px;" /></a></div><a class="wp-block-latest-posts__post-title" href="http://eolsantafe.com.ar/eol/2023/07/04/noches-de-escuela/">Noches de Escuela</a><time datetime="2023-07-04T10:59:13-03:00" class="wp-block-latest-posts__post-date">4 julio, 2023</time><div class="wp-block-latest-posts__post-excerpt"></div></li>
<li><div class="wp-block-latest-posts__featured-image"><a href="http://eolsantafe.com.ar/eol/2023/06/25/noche-de-escuela-el-deseo-de-escuela-y-la-politica-de-juventud/" aria-label="Noche de Escuela: El deseo de Escuela y la política de juventud"><img loading="lazy" decoding="async" width="150" height="150" src="http://eolsantafe.com.ar/eol/wp-content/uploads/2023/06/deseo-de-escuela-1-150x150.jpg" class="attachment-thumbnail size-thumbnail wp-post-image" alt="" style="max-width:113px;max-height:113px;" srcset="http://eolsantafe.com.ar/eol/wp-content/uploads/2023/06/deseo-de-escuela-1-150x150.jpg 150w, http://eolsantafe.com.ar/eol/wp-content/uploads/2023/06/deseo-de-escuela-1-300x300.jpg 300w, http://eolsantafe.com.ar/eol/wp-content/uploads/2023/06/deseo-de-escuela-1-1024x1024.jpg 1024w, http://eolsantafe.com.ar/eol/wp-content/uploads/2023/06/deseo-de-escuela-1-768x768.jpg 768w, http://eolsantafe.com.ar/eol/wp-content/uploads/2023/06/deseo-de-escuela-1.jpg 1080w" sizes="auto, (max-width: 150px) 100vw, 150px" /></a></div><a class="wp-block-latest-posts__post-title" href="http://eolsantafe.com.ar/eol/2023/06/25/noche-de-escuela-el-deseo-de-escuela-y-la-politica-de-juventud/">Noche de Escuela: El deseo de Escuela y la política de juventud</a><time datetime="2023-06-25T12:36:55-03:00" class="wp-block-latest-posts__post-date">25 junio, 2023</time><div class="wp-block-latest-posts__post-excerpt"></div></li>
</ul>
